{"id":3329,"date":"2024-05-20T15:39:51","date_gmt":"2024-05-20T13:39:51","guid":{"rendered":"https:\/\/www.grneko.com\/?post_type=product&#038;p=3329"},"modified":"2025-11-07T21:18:26","modified_gmt":"2025-11-07T20:18:26","slug":"machovy-obraz-logo-lash-by-inzi","status":"publish","type":"product","link":"https:\/\/www.grneko.com\/?product=machovy-obraz-logo-lash-by-inzi","title":{"rendered":"Machov\u00fd obraz \u2013 LOGO Lash by Inzi"},"content":{"rendered":"<p>Kozmetick\u00e1 zna\u010dka Lash by Inzi si zasl\u00fa\u017ei logo, ktor\u00e9 odr\u00e1\u017ea pr\u00edrodn\u00fa kr\u00e1su. Machov\u00fd z\u00e1klad dop\u013a\u0148aj\u00fa jemn\u00e9 detaily z kop\u010dekov\u00e9ho machu, aby vynikli p\u00edsmen\u00e1. Logo p\u00f4sob\u00ed moderne a luxusne, vhodn\u00e9 na stenu sal\u00f3nu \u010di predajne.<\/p>\n<p>Rozmer: 120 cm x 150cm<\/p>\n","protected":false},"excerpt":{"rendered":"<p>Kozmetick\u00e1 zna\u010dka Lash by Inzi si zasl\u00fa\u017ei logo, ktor\u00e9 odr\u00e1\u017ea pr\u00edrodn\u00fa kr\u00e1su. Machov\u00fd z\u00e1klad dop\u013a\u0148aj\u00fa jemn\u00e9 detaily z kop\u010dekov\u00e9ho machu, aby vynikli p\u00edsmen\u00e1. Logo p\u00f4sob\u00ed moderne a luxusne, vhodn\u00e9 na stenu sal\u00f3nu \u010di predajne. Rozmer: 120 cm x 150cm<\/p>\n","protected":false},"featured_media":3331,"comment_status":"open","ping_status":"closed","template":"","meta":{"_monsterinsights_skip_tracking":false,"_monsterinsights_sitenote_active":false,"_monsterinsights_sitenote_note":"","_monsterinsights_sitenote_category":0},"product_cat":[20],"product_tag":[],"yoast_head":"<!-- This site is optimized with the Yoast SEO plugin v23.0 - https:\/\/yoast.com\/wordpress\/plugins\/seo\/ -->\n<title>Machov\u00fd obraz \u2013 LOGO Lash by Inzi - GRNEko<\/title>\n<meta name=\"description\" content=\"Logo Lash by Inzi z machu prin\u00e1\u0161a do kozmetick\u00e9ho sveta pr\u00edrodn\u00fd prvok. Ru\u010dn\u00e1 v\u00fdroba, elegantn\u00fd dizajn.\" \/>\n<meta name=\"robots\" content=\"index, follow, max-snippet:-1, max-image-preview:large, max-video-preview:-1\" \/>\n<link rel=\"canonical\" href=\"https:\/\/www.grneko.com\/?product=machovy-obraz-logo-lash-by-inzi\" \/>\n<meta property=\"og:locale\" content=\"sk_SK\" \/>\n<meta property=\"og:type\" content=\"article\" \/>\n<meta property=\"og:title\" content=\"Machov\u00fd obraz \u2013 LOGO Lash by Inzi - GRNEko\" \/>\n<meta property=\"og:description\" content=\"Logo Lash by Inzi z machu prin\u00e1\u0161a do kozmetick\u00e9ho sveta pr\u00edrodn\u00fd prvok. Ru\u010dn\u00e1 v\u00fdroba, elegantn\u00fd dizajn.\" \/>\n<meta property=\"og:url\" content=\"https:\/\/www.grneko.com\/?product=machovy-obraz-logo-lash-by-inzi\" \/>\n<meta property=\"og:site_name\" content=\"GRNEko\" \/>\n<meta property=\"article:modified_time\" content=\"2025-11-07T20:18:26+00:00\" \/>\n<meta property=\"og:image\" content=\"https:\/\/www.grneko.com\/wp-content\/uploads\/2024\/05\/2024_04_19_19_32_IMG_2623.jpg\" \/>\n\t<meta property=\"og:image:width\" content=\"798\" \/>\n\t<meta property=\"og:image:height\" content=\"800\" \/>\n\t<meta property=\"og:image:type\" content=\"image\/jpeg\" \/>\n<meta name=\"twitter:card\" content=\"summary_large_image\" \/>\n<meta name=\"twitter:label1\" content=\"Predpokladan\u00fd \u010das \u010d\u00edtania\" \/>\n\t<meta name=\"twitter:data1\" content=\"1 min\u00fata\" \/>\n<script type=\"application\/ld+json\" class=\"yoast-schema-graph\">{\"@context\":\"https:\/\/schema.org\",\"@graph\":[{\"@type\":\"WebPage\",\"@id\":\"https:\/\/www.grneko.com\/?product=machovy-obraz-logo-lash-by-inzi\",\"url\":\"https:\/\/www.grneko.com\/?product=machovy-obraz-logo-lash-by-inzi\",\"name\":\"Machov\u00fd obraz \u2013 LOGO Lash by Inzi - GRNEko\",\"isPartOf\":{\"@id\":\"https:\/\/www.grneko.com\/#website\"},\"primaryImageOfPage\":{\"@id\":\"https:\/\/www.grneko.com\/?product=machovy-obraz-logo-lash-by-inzi#primaryimage\"},\"image\":{\"@id\":\"https:\/\/www.grneko.com\/?product=machovy-obraz-logo-lash-by-inzi#primaryimage\"},\"thumbnailUrl\":\"https:\/\/www.grneko.com\/wp-content\/uploads\/2024\/05\/2024_04_19_19_32_IMG_2623.jpg\",\"datePublished\":\"2024-05-20T13:39:51+00:00\",\"dateModified\":\"2025-11-07T20:18:26+00:00\",\"description\":\"Logo Lash by Inzi z machu prin\u00e1\u0161a do kozmetick\u00e9ho sveta pr\u00edrodn\u00fd prvok. Ru\u010dn\u00e1 v\u00fdroba, elegantn\u00fd dizajn.\",\"breadcrumb\":{\"@id\":\"https:\/\/www.grneko.com\/?product=machovy-obraz-logo-lash-by-inzi#breadcrumb\"},\"inLanguage\":\"sk-SK\",\"potentialAction\":[{\"@type\":\"ReadAction\",\"target\":[\"https:\/\/www.grneko.com\/?product=machovy-obraz-logo-lash-by-inzi\"]}]},{\"@type\":\"ImageObject\",\"inLanguage\":\"sk-SK\",\"@id\":\"https:\/\/www.grneko.com\/?product=machovy-obraz-logo-lash-by-inzi#primaryimage\",\"url\":\"https:\/\/www.grneko.com\/wp-content\/uploads\/2024\/05\/2024_04_19_19_32_IMG_2623.jpg\",\"contentUrl\":\"https:\/\/www.grneko.com\/wp-content\/uploads\/2024\/05\/2024_04_19_19_32_IMG_2623.jpg\",\"width\":798,\"height\":800,\"caption\":\"Machove Logo studio kr\u00e1sy\"},{\"@type\":\"BreadcrumbList\",\"@id\":\"https:\/\/www.grneko.com\/?product=machovy-obraz-logo-lash-by-inzi#breadcrumb\",\"itemListElement\":[{\"@type\":\"ListItem\",\"position\":1,\"name\":\"Domov\",\"item\":\"https:\/\/www.grneko.com\/\"},{\"@type\":\"ListItem\",\"position\":2,\"name\":\"Obchod\",\"item\":\"https:\/\/www.grneko.com\/?page_id=20\"},{\"@type\":\"ListItem\",\"position\":3,\"name\":\"Machov\u00fd obraz \u2013 LOGO Lash by Inzi\"}]},{\"@type\":\"WebSite\",\"@id\":\"https:\/\/www.grneko.com\/#website\",\"url\":\"https:\/\/www.grneko.com\/\",\"name\":\"GRNEko\",\"description\":\"Radi V\u00e1m pom\u00f4\u017eeme vyrie\u0161i\u0165 ot\u00e1zku bezstarostliveho ozele\u0148ovania V\u00e1\u0161ho interi\u00e9ru. Vyrob\u00edme na mieru presne pod\u013ea Va\u0161ich predst\u00e1v doplnky zo stabilizovan\u00e9ho machu, ktor\u00fdmi nielen o\u017eivite prostredie ale aj zabudnite \u017ee sa o nich treba nejak\u00fdm sp\u00f4sobom stara\u0165.\",\"potentialAction\":[{\"@type\":\"SearchAction\",\"target\":{\"@type\":\"EntryPoint\",\"urlTemplate\":\"https:\/\/www.grneko.com\/?s={search_term_string}\"},\"query-input\":\"required name=search_term_string\"}],\"inLanguage\":\"sk-SK\"}]}<\/script>\n<!-- \/ Yoast SEO plugin. -->","yoast_head_json":{"title":"Machov\u00fd obraz \u2013 LOGO Lash by Inzi - GRNEko","description":"Logo Lash by Inzi z machu prin\u00e1\u0161a do kozmetick\u00e9ho sveta pr\u00edrodn\u00fd prvok. Ru\u010dn\u00e1 v\u00fdroba, elegantn\u00fd dizajn.","robots":{"index":"index","follow":"follow","max-snippet":"max-snippet:-1","max-image-preview":"max-image-preview:large","max-video-preview":"max-video-preview:-1"},"canonical":"https:\/\/www.grneko.com\/?product=machovy-obraz-logo-lash-by-inzi","og_locale":"sk_SK","og_type":"article","og_title":"Machov\u00fd obraz \u2013 LOGO Lash by Inzi - GRNEko","og_description":"Logo Lash by Inzi z machu prin\u00e1\u0161a do kozmetick\u00e9ho sveta pr\u00edrodn\u00fd prvok. Ru\u010dn\u00e1 v\u00fdroba, elegantn\u00fd dizajn.","og_url":"https:\/\/www.grneko.com\/?product=machovy-obraz-logo-lash-by-inzi","og_site_name":"GRNEko","article_modified_time":"2025-11-07T20:18:26+00:00","og_image":[{"width":798,"height":800,"url":"https:\/\/www.grneko.com\/wp-content\/uploads\/2024\/05\/2024_04_19_19_32_IMG_2623.jpg","type":"image\/jpeg"}],"twitter_card":"summary_large_image","twitter_misc":{"Predpokladan\u00fd \u010das \u010d\u00edtania":"1 min\u00fata"},"schema":{"@context":"https:\/\/schema.org","@graph":[{"@type":"WebPage","@id":"https:\/\/www.grneko.com\/?product=machovy-obraz-logo-lash-by-inzi","url":"https:\/\/www.grneko.com\/?product=machovy-obraz-logo-lash-by-inzi","name":"Machov\u00fd obraz \u2013 LOGO Lash by Inzi - GRNEko","isPartOf":{"@id":"https:\/\/www.grneko.com\/#website"},"primaryImageOfPage":{"@id":"https:\/\/www.grneko.com\/?product=machovy-obraz-logo-lash-by-inzi#primaryimage"},"image":{"@id":"https:\/\/www.grneko.com\/?product=machovy-obraz-logo-lash-by-inzi#primaryimage"},"thumbnailUrl":"https:\/\/www.grneko.com\/wp-content\/uploads\/2024\/05\/2024_04_19_19_32_IMG_2623.jpg","datePublished":"2024-05-20T13:39:51+00:00","dateModified":"2025-11-07T20:18:26+00:00","description":"Logo Lash by Inzi z machu prin\u00e1\u0161a do kozmetick\u00e9ho sveta pr\u00edrodn\u00fd prvok. Ru\u010dn\u00e1 v\u00fdroba, elegantn\u00fd dizajn.","breadcrumb":{"@id":"https:\/\/www.grneko.com\/?product=machovy-obraz-logo-lash-by-inzi#breadcrumb"},"inLanguage":"sk-SK","potentialAction":[{"@type":"ReadAction","target":["https:\/\/www.grneko.com\/?product=machovy-obraz-logo-lash-by-inzi"]}]},{"@type":"ImageObject","inLanguage":"sk-SK","@id":"https:\/\/www.grneko.com\/?product=machovy-obraz-logo-lash-by-inzi#primaryimage","url":"https:\/\/www.grneko.com\/wp-content\/uploads\/2024\/05\/2024_04_19_19_32_IMG_2623.jpg","contentUrl":"https:\/\/www.grneko.com\/wp-content\/uploads\/2024\/05\/2024_04_19_19_32_IMG_2623.jpg","width":798,"height":800,"caption":"Machove Logo studio kr\u00e1sy"},{"@type":"BreadcrumbList","@id":"https:\/\/www.grneko.com\/?product=machovy-obraz-logo-lash-by-inzi#breadcrumb","itemListElement":[{"@type":"ListItem","position":1,"name":"Domov","item":"https:\/\/www.grneko.com\/"},{"@type":"ListItem","position":2,"name":"Obchod","item":"https:\/\/www.grneko.com\/?page_id=20"},{"@type":"ListItem","position":3,"name":"Machov\u00fd obraz \u2013 LOGO Lash by Inzi"}]},{"@type":"WebSite","@id":"https:\/\/www.grneko.com\/#website","url":"https:\/\/www.grneko.com\/","name":"GRNEko","description":"Radi V\u00e1m pom\u00f4\u017eeme vyrie\u0161i\u0165 ot\u00e1zku bezstarostliveho ozele\u0148ovania V\u00e1\u0161ho interi\u00e9ru. Vyrob\u00edme na mieru presne pod\u013ea Va\u0161ich predst\u00e1v doplnky zo stabilizovan\u00e9ho machu, ktor\u00fdmi nielen o\u017eivite prostredie ale aj zabudnite \u017ee sa o nich treba nejak\u00fdm sp\u00f4sobom stara\u0165.","potentialAction":[{"@type":"SearchAction","target":{"@type":"EntryPoint","urlTemplate":"https:\/\/www.grneko.com\/?s={search_term_string}"},"query-input":"required name=search_term_string"}],"inLanguage":"sk-SK"}]}},"_links":{"self":[{"href":"https:\/\/www.grneko.com\/index.php?rest_route=\/wp\/v2\/product\/3329"}],"collection":[{"href":"https:\/\/www.grneko.com\/index.php?rest_route=\/wp\/v2\/product"}],"about":[{"href":"https:\/\/www.grneko.com\/index.php?rest_route=\/wp\/v2\/types\/product"}],"replies":[{"embeddable":true,"href":"https:\/\/www.grneko.com\/index.php?rest_route=%2Fwp%2Fv2%2Fcomments&post=3329"}],"wp:featuredmedia":[{"embeddable":true,"href":"https:\/\/www.grneko.com\/index.php?rest_route=\/wp\/v2\/media\/3331"}],"wp:attachment":[{"href":"https:\/\/www.grneko.com\/index.php?rest_route=%2Fwp%2Fv2%2Fmedia&parent=3329"}],"wp:term":[{"taxonomy":"product_cat","embeddable":true,"href":"https:\/\/www.grneko.com\/index.php?rest_route=%2Fwp%2Fv2%2Fproduct_cat&post=3329"},{"taxonomy":"product_tag","embeddable":true,"href":"https:\/\/www.grneko.com\/index.php?rest_route=%2Fwp%2Fv2%2Fproduct_tag&post=3329"}],"curies":[{"name":"wp","href":"https:\/\/api.w.org\/{rel}","templated":true}]}}