{"id":3225,"date":"2024-02-08T22:55:44","date_gmt":"2024-02-08T21:55:44","guid":{"rendered":"https:\/\/www.grneko.com\/?post_type=product&#038;p=3225"},"modified":"2025-11-07T19:52:43","modified_gmt":"2025-11-07T18:52:43","slug":"machovy-veniec-jelencek","status":"publish","type":"product","link":"https:\/\/www.grneko.com\/?product=machovy-veniec-jelencek","title":{"rendered":"Machov\u00fd veniec JELEN\u010cEK"},"content":{"rendered":"<p>Veniec zo stabilizovan\u00e9ho machu je jedine\u010dn\u00e1 rastlinn\u00e1 ozdoba, ktor\u00e1 dod\u00e1va prirodzen\u00fd a organick\u00fd \u0161arm do ak\u00e9hoko\u013evek priestoru. Vyroben\u00fd z pr\u00edrodn\u00e9ho machu, ktor\u00fd si uchov\u00e1va \u010derstvos\u0165 a farbu na dlh\u00fa dobu, tento veniec je skvel\u00fdm doplnkom pre vyzdobenie domu, kancel\u00e1rie alebo podujatia. Prin\u00e1\u0161a k\u00fasok pr\u00edrody do interi\u00e9ru a vytv\u00e1ra \u00fatuln\u00fa atmosf\u00e9ru.<\/p>\n<p>JELEN\u010cEK je veniec, ktor\u00fd kombinuje zelen\u00fd mach s dreven\u00fdm siluetou jele\u0148a a \u010fal\u0161\u00edmi pr\u00edrodn\u00fdmi doplnkami. Je vhodn\u00fd na viano\u010dn\u00e9 obdobie, ale vynikne aj po\u010das cel\u00e9ho roka ako rustik\u00e1lny doplnok. Veniec je pevn\u00fd, bez\u00fadr\u017ebov\u00fd a d\u00e1 sa prisp\u00f4sobi\u0165 ve\u013ekos\u0165ou.<\/p>\n<p>Priemer: 60 cm<\/p>\n","protected":false},"excerpt":{"rendered":"<p>Veniec zo stabilizovan\u00e9ho machu je jedine\u010dn\u00e1 rastlinn\u00e1 ozdoba, ktor\u00e1 dod\u00e1va prirodzen\u00fd a organick\u00fd \u0161arm do ak\u00e9hoko\u013evek priestoru. Vyroben\u00fd z pr\u00edrodn\u00e9ho machu, ktor\u00fd si uchov\u00e1va \u010derstvos\u0165 a farbu na dlh\u00fa dobu, tento veniec je skvel\u00fdm doplnkom pre vyzdobenie domu, kancel\u00e1rie alebo podujatia. Prin\u00e1\u0161a k\u00fasok pr\u00edrody do interi\u00e9ru a vytv\u00e1ra \u00fatuln\u00fa atmosf\u00e9ru. JELEN\u010cEK je veniec, ktor\u00fd kombinuje [&hellip;]<\/p>\n","protected":false},"featured_media":3226,"comment_status":"open","ping_status":"closed","template":"","meta":{"_monsterinsights_skip_tracking":false,"_monsterinsights_sitenote_active":false,"_monsterinsights_sitenote_note":"","_monsterinsights_sitenote_category":0},"product_cat":[17,26],"product_tag":[],"yoast_head":"<!-- This site is optimized with the Yoast SEO plugin v23.0 - https:\/\/yoast.com\/wordpress\/plugins\/seo\/ -->\n<title>Machov\u00fd veniec JELEN\u010cEK - GRNEko<\/title>\n<meta name=\"description\" content=\"Veniec JELEN\u010cEK sp\u00e1ja stabilizovan\u00fd mach a dreven\u00e9 detaily v tvare jele\u0148a. Origin\u00e1lna dekor\u00e1cia na dvere \u010di stenu.\" \/>\n<meta name=\"robots\" content=\"index, follow, max-snippet:-1, max-image-preview:large, max-video-preview:-1\" \/>\n<link rel=\"canonical\" href=\"https:\/\/www.grneko.com\/?product=machovy-veniec-jelencek\" \/>\n<meta property=\"og:locale\" content=\"sk_SK\" \/>\n<meta property=\"og:type\" content=\"article\" \/>\n<meta property=\"og:title\" content=\"Machov\u00fd veniec JELEN\u010cEK - GRNEko\" \/>\n<meta property=\"og:description\" content=\"Veniec JELEN\u010cEK sp\u00e1ja stabilizovan\u00fd mach a dreven\u00e9 detaily v tvare jele\u0148a. Origin\u00e1lna dekor\u00e1cia na dvere \u010di stenu.\" \/>\n<meta property=\"og:url\" content=\"https:\/\/www.grneko.com\/?product=machovy-veniec-jelencek\" \/>\n<meta property=\"og:site_name\" content=\"GRNEko\" \/>\n<meta property=\"article:modified_time\" content=\"2025-11-07T18:52:43+00:00\" \/>\n<meta property=\"og:image\" content=\"https:\/\/www.grneko.com\/wp-content\/uploads\/2024\/02\/10f5976c-fdfb-4ec3-9044-63e46289af46.jpg\" \/>\n\t<meta property=\"og:image:width\" content=\"1078\" \/>\n\t<meta property=\"og:image:height\" content=\"1080\" \/>\n\t<meta property=\"og:image:type\" content=\"image\/jpeg\" \/>\n<meta name=\"twitter:card\" content=\"summary_large_image\" \/>\n<meta name=\"twitter:label1\" content=\"Predpokladan\u00fd \u010das \u010d\u00edtania\" \/>\n\t<meta name=\"twitter:data1\" content=\"1 min\u00fata\" \/>\n<script type=\"application\/ld+json\" class=\"yoast-schema-graph\">{\"@context\":\"https:\/\/schema.org\",\"@graph\":[{\"@type\":\"WebPage\",\"@id\":\"https:\/\/www.grneko.com\/?product=machovy-veniec-jelencek\",\"url\":\"https:\/\/www.grneko.com\/?product=machovy-veniec-jelencek\",\"name\":\"Machov\u00fd veniec JELEN\u010cEK - GRNEko\",\"isPartOf\":{\"@id\":\"https:\/\/www.grneko.com\/#website\"},\"primaryImageOfPage\":{\"@id\":\"https:\/\/www.grneko.com\/?product=machovy-veniec-jelencek#primaryimage\"},\"image\":{\"@id\":\"https:\/\/www.grneko.com\/?product=machovy-veniec-jelencek#primaryimage\"},\"thumbnailUrl\":\"https:\/\/www.grneko.com\/wp-content\/uploads\/2024\/02\/10f5976c-fdfb-4ec3-9044-63e46289af46.jpg\",\"datePublished\":\"2024-02-08T21:55:44+00:00\",\"dateModified\":\"2025-11-07T18:52:43+00:00\",\"description\":\"Veniec JELEN\u010cEK sp\u00e1ja stabilizovan\u00fd mach a dreven\u00e9 detaily v tvare jele\u0148a. Origin\u00e1lna dekor\u00e1cia na dvere \u010di stenu.\",\"breadcrumb\":{\"@id\":\"https:\/\/www.grneko.com\/?product=machovy-veniec-jelencek#breadcrumb\"},\"inLanguage\":\"sk-SK\",\"potentialAction\":[{\"@type\":\"ReadAction\",\"target\":[\"https:\/\/www.grneko.com\/?product=machovy-veniec-jelencek\"]}]},{\"@type\":\"ImageObject\",\"inLanguage\":\"sk-SK\",\"@id\":\"https:\/\/www.grneko.com\/?product=machovy-veniec-jelencek#primaryimage\",\"url\":\"https:\/\/www.grneko.com\/wp-content\/uploads\/2024\/02\/10f5976c-fdfb-4ec3-9044-63e46289af46.jpg\",\"contentUrl\":\"https:\/\/www.grneko.com\/wp-content\/uploads\/2024\/02\/10f5976c-fdfb-4ec3-9044-63e46289af46.jpg\",\"width\":1078,\"height\":1080,\"caption\":\"Machov\u00fd veniec jele\u0148\"},{\"@type\":\"BreadcrumbList\",\"@id\":\"https:\/\/www.grneko.com\/?product=machovy-veniec-jelencek#breadcrumb\",\"itemListElement\":[{\"@type\":\"ListItem\",\"position\":1,\"name\":\"Domov\",\"item\":\"https:\/\/www.grneko.com\/\"},{\"@type\":\"ListItem\",\"position\":2,\"name\":\"Obchod\",\"item\":\"https:\/\/www.grneko.com\/?page_id=20\"},{\"@type\":\"ListItem\",\"position\":3,\"name\":\"Machov\u00fd veniec JELEN\u010cEK\"}]},{\"@type\":\"WebSite\",\"@id\":\"https:\/\/www.grneko.com\/#website\",\"url\":\"https:\/\/www.grneko.com\/\",\"name\":\"GRNEko\",\"description\":\"Radi V\u00e1m pom\u00f4\u017eeme vyrie\u0161i\u0165 ot\u00e1zku bezstarostliveho ozele\u0148ovania V\u00e1\u0161ho interi\u00e9ru. Vyrob\u00edme na mieru presne pod\u013ea Va\u0161ich predst\u00e1v doplnky zo stabilizovan\u00e9ho machu, ktor\u00fdmi nielen o\u017eivite prostredie ale aj zabudnite \u017ee sa o nich treba nejak\u00fdm sp\u00f4sobom stara\u0165.\",\"potentialAction\":[{\"@type\":\"SearchAction\",\"target\":{\"@type\":\"EntryPoint\",\"urlTemplate\":\"https:\/\/www.grneko.com\/?s={search_term_string}\"},\"query-input\":\"required name=search_term_string\"}],\"inLanguage\":\"sk-SK\"}]}<\/script>\n<!-- \/ Yoast SEO plugin. -->","yoast_head_json":{"title":"Machov\u00fd veniec JELEN\u010cEK - GRNEko","description":"Veniec JELEN\u010cEK sp\u00e1ja stabilizovan\u00fd mach a dreven\u00e9 detaily v tvare jele\u0148a. Origin\u00e1lna dekor\u00e1cia na dvere \u010di stenu.","robots":{"index":"index","follow":"follow","max-snippet":"max-snippet:-1","max-image-preview":"max-image-preview:large","max-video-preview":"max-video-preview:-1"},"canonical":"https:\/\/www.grneko.com\/?product=machovy-veniec-jelencek","og_locale":"sk_SK","og_type":"article","og_title":"Machov\u00fd veniec JELEN\u010cEK - GRNEko","og_description":"Veniec JELEN\u010cEK sp\u00e1ja stabilizovan\u00fd mach a dreven\u00e9 detaily v tvare jele\u0148a. Origin\u00e1lna dekor\u00e1cia na dvere \u010di stenu.","og_url":"https:\/\/www.grneko.com\/?product=machovy-veniec-jelencek","og_site_name":"GRNEko","article_modified_time":"2025-11-07T18:52:43+00:00","og_image":[{"width":1078,"height":1080,"url":"https:\/\/www.grneko.com\/wp-content\/uploads\/2024\/02\/10f5976c-fdfb-4ec3-9044-63e46289af46.jpg","type":"image\/jpeg"}],"twitter_card":"summary_large_image","twitter_misc":{"Predpokladan\u00fd \u010das \u010d\u00edtania":"1 min\u00fata"},"schema":{"@context":"https:\/\/schema.org","@graph":[{"@type":"WebPage","@id":"https:\/\/www.grneko.com\/?product=machovy-veniec-jelencek","url":"https:\/\/www.grneko.com\/?product=machovy-veniec-jelencek","name":"Machov\u00fd veniec JELEN\u010cEK - GRNEko","isPartOf":{"@id":"https:\/\/www.grneko.com\/#website"},"primaryImageOfPage":{"@id":"https:\/\/www.grneko.com\/?product=machovy-veniec-jelencek#primaryimage"},"image":{"@id":"https:\/\/www.grneko.com\/?product=machovy-veniec-jelencek#primaryimage"},"thumbnailUrl":"https:\/\/www.grneko.com\/wp-content\/uploads\/2024\/02\/10f5976c-fdfb-4ec3-9044-63e46289af46.jpg","datePublished":"2024-02-08T21:55:44+00:00","dateModified":"2025-11-07T18:52:43+00:00","description":"Veniec JELEN\u010cEK sp\u00e1ja stabilizovan\u00fd mach a dreven\u00e9 detaily v tvare jele\u0148a. Origin\u00e1lna dekor\u00e1cia na dvere \u010di stenu.","breadcrumb":{"@id":"https:\/\/www.grneko.com\/?product=machovy-veniec-jelencek#breadcrumb"},"inLanguage":"sk-SK","potentialAction":[{"@type":"ReadAction","target":["https:\/\/www.grneko.com\/?product=machovy-veniec-jelencek"]}]},{"@type":"ImageObject","inLanguage":"sk-SK","@id":"https:\/\/www.grneko.com\/?product=machovy-veniec-jelencek#primaryimage","url":"https:\/\/www.grneko.com\/wp-content\/uploads\/2024\/02\/10f5976c-fdfb-4ec3-9044-63e46289af46.jpg","contentUrl":"https:\/\/www.grneko.com\/wp-content\/uploads\/2024\/02\/10f5976c-fdfb-4ec3-9044-63e46289af46.jpg","width":1078,"height":1080,"caption":"Machov\u00fd veniec jele\u0148"},{"@type":"BreadcrumbList","@id":"https:\/\/www.grneko.com\/?product=machovy-veniec-jelencek#breadcrumb","itemListElement":[{"@type":"ListItem","position":1,"name":"Domov","item":"https:\/\/www.grneko.com\/"},{"@type":"ListItem","position":2,"name":"Obchod","item":"https:\/\/www.grneko.com\/?page_id=20"},{"@type":"ListItem","position":3,"name":"Machov\u00fd veniec JELEN\u010cEK"}]},{"@type":"WebSite","@id":"https:\/\/www.grneko.com\/#website","url":"https:\/\/www.grneko.com\/","name":"GRNEko","description":"Radi V\u00e1m pom\u00f4\u017eeme vyrie\u0161i\u0165 ot\u00e1zku bezstarostliveho ozele\u0148ovania V\u00e1\u0161ho interi\u00e9ru. Vyrob\u00edme na mieru presne pod\u013ea Va\u0161ich predst\u00e1v doplnky zo stabilizovan\u00e9ho machu, ktor\u00fdmi nielen o\u017eivite prostredie ale aj zabudnite \u017ee sa o nich treba nejak\u00fdm sp\u00f4sobom stara\u0165.","potentialAction":[{"@type":"SearchAction","target":{"@type":"EntryPoint","urlTemplate":"https:\/\/www.grneko.com\/?s={search_term_string}"},"query-input":"required name=search_term_string"}],"inLanguage":"sk-SK"}]}},"_links":{"self":[{"href":"https:\/\/www.grneko.com\/index.php?rest_route=\/wp\/v2\/product\/3225"}],"collection":[{"href":"https:\/\/www.grneko.com\/index.php?rest_route=\/wp\/v2\/product"}],"about":[{"href":"https:\/\/www.grneko.com\/index.php?rest_route=\/wp\/v2\/types\/product"}],"replies":[{"embeddable":true,"href":"https:\/\/www.grneko.com\/index.php?rest_route=%2Fwp%2Fv2%2Fcomments&post=3225"}],"wp:featuredmedia":[{"embeddable":true,"href":"https:\/\/www.grneko.com\/index.php?rest_route=\/wp\/v2\/media\/3226"}],"wp:attachment":[{"href":"https:\/\/www.grneko.com\/index.php?rest_route=%2Fwp%2Fv2%2Fmedia&parent=3225"}],"wp:term":[{"taxonomy":"product_cat","embeddable":true,"href":"https:\/\/www.grneko.com\/index.php?rest_route=%2Fwp%2Fv2%2Fproduct_cat&post=3225"},{"taxonomy":"product_tag","embeddable":true,"href":"https:\/\/www.grneko.com\/index.php?rest_route=%2Fwp%2Fv2%2Fproduct_tag&post=3225"}],"curies":[{"name":"wp","href":"https:\/\/api.w.org\/{rel}","templated":true}]}}