{"id":3221,"date":"2024-02-08T22:52:17","date_gmt":"2024-02-08T21:52:17","guid":{"rendered":"https:\/\/www.grneko.com\/?post_type=product&#038;p=3221"},"modified":"2025-11-07T21:22:36","modified_gmt":"2025-11-07T20:22:36","slug":"machovy-obraz-logo-sg","status":"publish","type":"product","link":"https:\/\/www.grneko.com\/?product=machovy-obraz-logo-sg","title":{"rendered":"Machov\u00fd obraz \u2013 LOGO SG"},"content":{"rendered":"<p>Logo SG sme preniesli do machu so zachovan\u00edm presn\u00fdch proporci\u00ed. Logo je vhodn\u00e9 do showroomov, vstupn\u00fdch h\u00e1l alebo kancel\u00e1ri\u00ed. V pr\u00edpade potreby prid\u00e1me osvetlenie.<\/p>\n<p>Rozmer: 70 cm\u00a0 x\u00a0 70cm.<\/p>\n","protected":false},"excerpt":{"rendered":"<p>Jedine\u010dn\u00e9 a origin\u00e1lne, ru\u010dne vyr\u00e1ban\u00e9 obrazy z machu. Rozmer, tvar, farbu machu aj r\u00e1mu vieme prisp\u00f4sobi\u0165 va\u0161im individu\u00e1lnym po\u017eiadavk\u00e1m. Rozmer: 70 cm x 70cm<\/p>\n","protected":false},"featured_media":3222,"comment_status":"open","ping_status":"closed","template":"","meta":{"_monsterinsights_skip_tracking":false,"_monsterinsights_sitenote_active":false,"_monsterinsights_sitenote_note":"","_monsterinsights_sitenote_category":0},"product_cat":[20],"product_tag":[],"yoast_head":"<!-- This site is optimized with the Yoast SEO plugin v23.0 - https:\/\/yoast.com\/wordpress\/plugins\/seo\/ -->\n<title>Machov\u00fd obraz \u2013 LOGO SG - GRNEko<\/title>\n<meta name=\"description\" content=\"Logo SG zo stabilizovan\u00e9ho machu. Prisp\u00f4sob\u00edme dizajn tak, aby zodpovedal firemn\u00fdm farb\u00e1m a tvarom.\" \/>\n<meta name=\"robots\" content=\"index, follow, max-snippet:-1, max-image-preview:large, max-video-preview:-1\" \/>\n<link rel=\"canonical\" href=\"https:\/\/www.grneko.com\/?product=machovy-obraz-logo-sg\" \/>\n<meta property=\"og:locale\" content=\"sk_SK\" \/>\n<meta property=\"og:type\" content=\"article\" \/>\n<meta property=\"og:title\" content=\"Machov\u00fd obraz \u2013 LOGO SG - GRNEko\" \/>\n<meta property=\"og:description\" content=\"Logo SG zo stabilizovan\u00e9ho machu. Prisp\u00f4sob\u00edme dizajn tak, aby zodpovedal firemn\u00fdm farb\u00e1m a tvarom.\" \/>\n<meta property=\"og:url\" content=\"https:\/\/www.grneko.com\/?product=machovy-obraz-logo-sg\" \/>\n<meta property=\"og:site_name\" content=\"GRNEko\" \/>\n<meta property=\"article:modified_time\" content=\"2025-11-07T20:22:36+00:00\" \/>\n<meta property=\"og:image\" content=\"https:\/\/www.grneko.com\/wp-content\/uploads\/2024\/02\/2024_01_24_11_28_IMG_2231.jpg\" \/>\n\t<meta property=\"og:image:width\" content=\"1080\" \/>\n\t<meta property=\"og:image:height\" content=\"1080\" \/>\n\t<meta property=\"og:image:type\" content=\"image\/jpeg\" \/>\n<meta name=\"twitter:card\" content=\"summary_large_image\" \/>\n<meta name=\"twitter:label1\" content=\"Predpokladan\u00fd \u010das \u010d\u00edtania\" \/>\n\t<meta name=\"twitter:data1\" content=\"1 min\u00fata\" \/>\n<script type=\"application\/ld+json\" class=\"yoast-schema-graph\">{\"@context\":\"https:\/\/schema.org\",\"@graph\":[{\"@type\":\"WebPage\",\"@id\":\"https:\/\/www.grneko.com\/?product=machovy-obraz-logo-sg\",\"url\":\"https:\/\/www.grneko.com\/?product=machovy-obraz-logo-sg\",\"name\":\"Machov\u00fd obraz \u2013 LOGO SG - GRNEko\",\"isPartOf\":{\"@id\":\"https:\/\/www.grneko.com\/#website\"},\"primaryImageOfPage\":{\"@id\":\"https:\/\/www.grneko.com\/?product=machovy-obraz-logo-sg#primaryimage\"},\"image\":{\"@id\":\"https:\/\/www.grneko.com\/?product=machovy-obraz-logo-sg#primaryimage\"},\"thumbnailUrl\":\"https:\/\/www.grneko.com\/wp-content\/uploads\/2024\/02\/2024_01_24_11_28_IMG_2231.jpg\",\"datePublished\":\"2024-02-08T21:52:17+00:00\",\"dateModified\":\"2025-11-07T20:22:36+00:00\",\"description\":\"Logo SG zo stabilizovan\u00e9ho machu. Prisp\u00f4sob\u00edme dizajn tak, aby zodpovedal firemn\u00fdm farb\u00e1m a tvarom.\",\"breadcrumb\":{\"@id\":\"https:\/\/www.grneko.com\/?product=machovy-obraz-logo-sg#breadcrumb\"},\"inLanguage\":\"sk-SK\",\"potentialAction\":[{\"@type\":\"ReadAction\",\"target\":[\"https:\/\/www.grneko.com\/?product=machovy-obraz-logo-sg\"]}]},{\"@type\":\"ImageObject\",\"inLanguage\":\"sk-SK\",\"@id\":\"https:\/\/www.grneko.com\/?product=machovy-obraz-logo-sg#primaryimage\",\"url\":\"https:\/\/www.grneko.com\/wp-content\/uploads\/2024\/02\/2024_01_24_11_28_IMG_2231.jpg\",\"contentUrl\":\"https:\/\/www.grneko.com\/wp-content\/uploads\/2024\/02\/2024_01_24_11_28_IMG_2231.jpg\",\"width\":1080,\"height\":1080,\"caption\":\"Firemn\u00e9 logo machove\"},{\"@type\":\"BreadcrumbList\",\"@id\":\"https:\/\/www.grneko.com\/?product=machovy-obraz-logo-sg#breadcrumb\",\"itemListElement\":[{\"@type\":\"ListItem\",\"position\":1,\"name\":\"Domov\",\"item\":\"https:\/\/www.grneko.com\/\"},{\"@type\":\"ListItem\",\"position\":2,\"name\":\"Obchod\",\"item\":\"https:\/\/www.grneko.com\/?page_id=20\"},{\"@type\":\"ListItem\",\"position\":3,\"name\":\"Machov\u00fd obraz \u2013 LOGO SG\"}]},{\"@type\":\"WebSite\",\"@id\":\"https:\/\/www.grneko.com\/#website\",\"url\":\"https:\/\/www.grneko.com\/\",\"name\":\"GRNEko\",\"description\":\"Radi V\u00e1m pom\u00f4\u017eeme vyrie\u0161i\u0165 ot\u00e1zku bezstarostliveho ozele\u0148ovania V\u00e1\u0161ho interi\u00e9ru. Vyrob\u00edme na mieru presne pod\u013ea Va\u0161ich predst\u00e1v doplnky zo stabilizovan\u00e9ho machu, ktor\u00fdmi nielen o\u017eivite prostredie ale aj zabudnite \u017ee sa o nich treba nejak\u00fdm sp\u00f4sobom stara\u0165.\",\"potentialAction\":[{\"@type\":\"SearchAction\",\"target\":{\"@type\":\"EntryPoint\",\"urlTemplate\":\"https:\/\/www.grneko.com\/?s={search_term_string}\"},\"query-input\":\"required name=search_term_string\"}],\"inLanguage\":\"sk-SK\"}]}<\/script>\n<!-- \/ Yoast SEO plugin. -->","yoast_head_json":{"title":"Machov\u00fd obraz \u2013 LOGO SG - GRNEko","description":"Logo SG zo stabilizovan\u00e9ho machu. Prisp\u00f4sob\u00edme dizajn tak, aby zodpovedal firemn\u00fdm farb\u00e1m a tvarom.","robots":{"index":"index","follow":"follow","max-snippet":"max-snippet:-1","max-image-preview":"max-image-preview:large","max-video-preview":"max-video-preview:-1"},"canonical":"https:\/\/www.grneko.com\/?product=machovy-obraz-logo-sg","og_locale":"sk_SK","og_type":"article","og_title":"Machov\u00fd obraz \u2013 LOGO SG - GRNEko","og_description":"Logo SG zo stabilizovan\u00e9ho machu. Prisp\u00f4sob\u00edme dizajn tak, aby zodpovedal firemn\u00fdm farb\u00e1m a tvarom.","og_url":"https:\/\/www.grneko.com\/?product=machovy-obraz-logo-sg","og_site_name":"GRNEko","article_modified_time":"2025-11-07T20:22:36+00:00","og_image":[{"width":1080,"height":1080,"url":"https:\/\/www.grneko.com\/wp-content\/uploads\/2024\/02\/2024_01_24_11_28_IMG_2231.jpg","type":"image\/jpeg"}],"twitter_card":"summary_large_image","twitter_misc":{"Predpokladan\u00fd \u010das \u010d\u00edtania":"1 min\u00fata"},"schema":{"@context":"https:\/\/schema.org","@graph":[{"@type":"WebPage","@id":"https:\/\/www.grneko.com\/?product=machovy-obraz-logo-sg","url":"https:\/\/www.grneko.com\/?product=machovy-obraz-logo-sg","name":"Machov\u00fd obraz \u2013 LOGO SG - GRNEko","isPartOf":{"@id":"https:\/\/www.grneko.com\/#website"},"primaryImageOfPage":{"@id":"https:\/\/www.grneko.com\/?product=machovy-obraz-logo-sg#primaryimage"},"image":{"@id":"https:\/\/www.grneko.com\/?product=machovy-obraz-logo-sg#primaryimage"},"thumbnailUrl":"https:\/\/www.grneko.com\/wp-content\/uploads\/2024\/02\/2024_01_24_11_28_IMG_2231.jpg","datePublished":"2024-02-08T21:52:17+00:00","dateModified":"2025-11-07T20:22:36+00:00","description":"Logo SG zo stabilizovan\u00e9ho machu. Prisp\u00f4sob\u00edme dizajn tak, aby zodpovedal firemn\u00fdm farb\u00e1m a tvarom.","breadcrumb":{"@id":"https:\/\/www.grneko.com\/?product=machovy-obraz-logo-sg#breadcrumb"},"inLanguage":"sk-SK","potentialAction":[{"@type":"ReadAction","target":["https:\/\/www.grneko.com\/?product=machovy-obraz-logo-sg"]}]},{"@type":"ImageObject","inLanguage":"sk-SK","@id":"https:\/\/www.grneko.com\/?product=machovy-obraz-logo-sg#primaryimage","url":"https:\/\/www.grneko.com\/wp-content\/uploads\/2024\/02\/2024_01_24_11_28_IMG_2231.jpg","contentUrl":"https:\/\/www.grneko.com\/wp-content\/uploads\/2024\/02\/2024_01_24_11_28_IMG_2231.jpg","width":1080,"height":1080,"caption":"Firemn\u00e9 logo machove"},{"@type":"BreadcrumbList","@id":"https:\/\/www.grneko.com\/?product=machovy-obraz-logo-sg#breadcrumb","itemListElement":[{"@type":"ListItem","position":1,"name":"Domov","item":"https:\/\/www.grneko.com\/"},{"@type":"ListItem","position":2,"name":"Obchod","item":"https:\/\/www.grneko.com\/?page_id=20"},{"@type":"ListItem","position":3,"name":"Machov\u00fd obraz \u2013 LOGO SG"}]},{"@type":"WebSite","@id":"https:\/\/www.grneko.com\/#website","url":"https:\/\/www.grneko.com\/","name":"GRNEko","description":"Radi V\u00e1m pom\u00f4\u017eeme vyrie\u0161i\u0165 ot\u00e1zku bezstarostliveho ozele\u0148ovania V\u00e1\u0161ho interi\u00e9ru. Vyrob\u00edme na mieru presne pod\u013ea Va\u0161ich predst\u00e1v doplnky zo stabilizovan\u00e9ho machu, ktor\u00fdmi nielen o\u017eivite prostredie ale aj zabudnite \u017ee sa o nich treba nejak\u00fdm sp\u00f4sobom stara\u0165.","potentialAction":[{"@type":"SearchAction","target":{"@type":"EntryPoint","urlTemplate":"https:\/\/www.grneko.com\/?s={search_term_string}"},"query-input":"required name=search_term_string"}],"inLanguage":"sk-SK"}]}},"_links":{"self":[{"href":"https:\/\/www.grneko.com\/index.php?rest_route=\/wp\/v2\/product\/3221"}],"collection":[{"href":"https:\/\/www.grneko.com\/index.php?rest_route=\/wp\/v2\/product"}],"about":[{"href":"https:\/\/www.grneko.com\/index.php?rest_route=\/wp\/v2\/types\/product"}],"replies":[{"embeddable":true,"href":"https:\/\/www.grneko.com\/index.php?rest_route=%2Fwp%2Fv2%2Fcomments&post=3221"}],"wp:featuredmedia":[{"embeddable":true,"href":"https:\/\/www.grneko.com\/index.php?rest_route=\/wp\/v2\/media\/3222"}],"wp:attachment":[{"href":"https:\/\/www.grneko.com\/index.php?rest_route=%2Fwp%2Fv2%2Fmedia&parent=3221"}],"wp:term":[{"taxonomy":"product_cat","embeddable":true,"href":"https:\/\/www.grneko.com\/index.php?rest_route=%2Fwp%2Fv2%2Fproduct_cat&post=3221"},{"taxonomy":"product_tag","embeddable":true,"href":"https:\/\/www.grneko.com\/index.php?rest_route=%2Fwp%2Fv2%2Fproduct_tag&post=3221"}],"curies":[{"name":"wp","href":"https:\/\/api.w.org\/{rel}","templated":true}]}}