{"id":3088,"date":"2023-10-08T23:32:56","date_gmt":"2023-10-08T21:32:56","guid":{"rendered":"https:\/\/www.grneko.com\/?post_type=product&#038;p=3088"},"modified":"2025-11-15T22:11:15","modified_gmt":"2025-11-15T21:11:15","slug":"machova-stena-vcelie-plasty","status":"publish","type":"product","link":"https:\/\/www.grneko.com\/?product=machova-stena-vcelie-plasty","title":{"rendered":"Machov\u00e1 stena V\u010cELIE PL\u00c1STY"},"content":{"rendered":"<p>T\u00e1to stena je in\u0161pirovan\u00e1 \u0161trukt\u00farou v\u010delieho \u00fa\u013ea. \u0160es\u0165uholn\u00edkov\u00e9 moduly s\u00fa bu\u010f \u00faplne vyplnen\u00e9 machom, alebo kombinuj\u00fa mach s dreven\u00fdmi panelmi. Vznik\u00e1 tak zauj\u00edmav\u00fd geometrick\u00fd vzor s pr\u00edrodn\u00fdm n\u00e1dychom. Dizajn je vhodn\u00fd do kreat\u00edvnych kancel\u00e1ri\u00ed, sal\u00f3nov,\u00a0 re\u0161taur\u00e1ci\u00ed alebo detsk\u00fdch priestorov. Stena prispieva k dobrej akustike a nevy\u017eaduje \u017eiadnu \u00fadr\u017ebu.<\/p>\n<p>Cenov\u00fa ponuku V\u00e1m radi po\u0161leme do mailu.<\/p>\n","protected":false},"excerpt":{"rendered":"<p>Jedine\u010dn\u00e9 a origin\u00e1lne, ru\u010dne vyr\u00e1ban\u00e9 interierov\u00e9 steny z machu. Druh a farbu machu vieme prisp\u00f4sobi\u0165 va\u0161im individu\u00e1lnym po\u017eiadavk\u00e1m.<\/p>\n<p>Cenov\u00fa ponuku V\u00e1m radi po\u0161leme do mailu.<\/p>\n<p>https:\/\/youtube.com\/shorts\/3oIUR19kEuI?si=g7TF86WvgB0NBThc<\/p>\n","protected":false},"featured_media":3089,"comment_status":"open","ping_status":"closed","template":"","meta":{"_monsterinsights_skip_tracking":false,"_monsterinsights_sitenote_active":false,"_monsterinsights_sitenote_note":"","_monsterinsights_sitenote_category":0},"product_cat":[18],"product_tag":[],"yoast_head":"<!-- This site is optimized with the Yoast SEO plugin v23.0 - https:\/\/yoast.com\/wordpress\/plugins\/seo\/ -->\n<title>Machov\u00e1 stena V\u010cELIE PL\u00c1STY - GRNEko<\/title>\n<meta name=\"description\" content=\"V\u010cELIE PL\u00c1STY vyu\u017e\u00edva hexagon\u00e1lne tvary pripom\u00ednaj\u00face v\u010del\u00ed pl\u00e1st. Kombin\u00e1cia machu a geometrie vytv\u00e1ra modern\u00fd dizajn.\" \/>\n<meta name=\"robots\" content=\"index, follow, max-snippet:-1, max-image-preview:large, max-video-preview:-1\" \/>\n<link rel=\"canonical\" href=\"https:\/\/www.grneko.com\/?product=machova-stena-vcelie-plasty\" \/>\n<meta property=\"og:locale\" content=\"sk_SK\" \/>\n<meta property=\"og:type\" content=\"article\" \/>\n<meta property=\"og:title\" content=\"Machov\u00e1 stena V\u010cELIE PL\u00c1STY - GRNEko\" \/>\n<meta property=\"og:description\" content=\"V\u010cELIE PL\u00c1STY vyu\u017e\u00edva hexagon\u00e1lne tvary pripom\u00ednaj\u00face v\u010del\u00ed pl\u00e1st. Kombin\u00e1cia machu a geometrie vytv\u00e1ra modern\u00fd dizajn.\" \/>\n<meta property=\"og:url\" content=\"https:\/\/www.grneko.com\/?product=machova-stena-vcelie-plasty\" \/>\n<meta property=\"og:site_name\" content=\"GRNEko\" \/>\n<meta property=\"article:modified_time\" content=\"2025-11-15T21:11:15+00:00\" \/>\n<meta property=\"og:image\" content=\"https:\/\/www.grneko.com\/wp-content\/uploads\/2023\/10\/FullSizeRender1.jpg\" \/>\n\t<meta property=\"og:image:width\" content=\"901\" \/>\n\t<meta property=\"og:image:height\" content=\"905\" \/>\n\t<meta property=\"og:image:type\" content=\"image\/jpeg\" \/>\n<meta name=\"twitter:card\" content=\"summary_large_image\" \/>\n<meta name=\"twitter:label1\" content=\"Predpokladan\u00fd \u010das \u010d\u00edtania\" \/>\n\t<meta name=\"twitter:data1\" content=\"1 min\u00fata\" \/>\n<script type=\"application\/ld+json\" class=\"yoast-schema-graph\">{\"@context\":\"https:\/\/schema.org\",\"@graph\":[{\"@type\":\"WebPage\",\"@id\":\"https:\/\/www.grneko.com\/?product=machova-stena-vcelie-plasty\",\"url\":\"https:\/\/www.grneko.com\/?product=machova-stena-vcelie-plasty\",\"name\":\"Machov\u00e1 stena V\u010cELIE PL\u00c1STY - GRNEko\",\"isPartOf\":{\"@id\":\"https:\/\/www.grneko.com\/#website\"},\"primaryImageOfPage\":{\"@id\":\"https:\/\/www.grneko.com\/?product=machova-stena-vcelie-plasty#primaryimage\"},\"image\":{\"@id\":\"https:\/\/www.grneko.com\/?product=machova-stena-vcelie-plasty#primaryimage\"},\"thumbnailUrl\":\"https:\/\/www.grneko.com\/wp-content\/uploads\/2023\/10\/FullSizeRender1.jpg\",\"datePublished\":\"2023-10-08T21:32:56+00:00\",\"dateModified\":\"2025-11-15T21:11:15+00:00\",\"description\":\"V\u010cELIE PL\u00c1STY vyu\u017e\u00edva hexagon\u00e1lne tvary pripom\u00ednaj\u00face v\u010del\u00ed pl\u00e1st. Kombin\u00e1cia machu a geometrie vytv\u00e1ra modern\u00fd dizajn.\",\"breadcrumb\":{\"@id\":\"https:\/\/www.grneko.com\/?product=machova-stena-vcelie-plasty#breadcrumb\"},\"inLanguage\":\"sk-SK\",\"potentialAction\":[{\"@type\":\"ReadAction\",\"target\":[\"https:\/\/www.grneko.com\/?product=machova-stena-vcelie-plasty\"]}]},{\"@type\":\"ImageObject\",\"inLanguage\":\"sk-SK\",\"@id\":\"https:\/\/www.grneko.com\/?product=machova-stena-vcelie-plasty#primaryimage\",\"url\":\"https:\/\/www.grneko.com\/wp-content\/uploads\/2023\/10\/FullSizeRender1.jpg\",\"contentUrl\":\"https:\/\/www.grneko.com\/wp-content\/uploads\/2023\/10\/FullSizeRender1.jpg\",\"width\":901,\"height\":905,\"caption\":\"recepcia dekorovanie\"},{\"@type\":\"BreadcrumbList\",\"@id\":\"https:\/\/www.grneko.com\/?product=machova-stena-vcelie-plasty#breadcrumb\",\"itemListElement\":[{\"@type\":\"ListItem\",\"position\":1,\"name\":\"Domov\",\"item\":\"https:\/\/www.grneko.com\/\"},{\"@type\":\"ListItem\",\"position\":2,\"name\":\"Obchod\",\"item\":\"https:\/\/www.grneko.com\/?page_id=20\"},{\"@type\":\"ListItem\",\"position\":3,\"name\":\"Machov\u00e1 stena V\u010cELIE PL\u00c1STY\"}]},{\"@type\":\"WebSite\",\"@id\":\"https:\/\/www.grneko.com\/#website\",\"url\":\"https:\/\/www.grneko.com\/\",\"name\":\"GRNEko\",\"description\":\"Radi V\u00e1m pom\u00f4\u017eeme vyrie\u0161i\u0165 ot\u00e1zku bezstarostliveho ozele\u0148ovania V\u00e1\u0161ho interi\u00e9ru. Vyrob\u00edme na mieru presne pod\u013ea Va\u0161ich predst\u00e1v doplnky zo stabilizovan\u00e9ho machu, ktor\u00fdmi nielen o\u017eivite prostredie ale aj zabudnite \u017ee sa o nich treba nejak\u00fdm sp\u00f4sobom stara\u0165.\",\"potentialAction\":[{\"@type\":\"SearchAction\",\"target\":{\"@type\":\"EntryPoint\",\"urlTemplate\":\"https:\/\/www.grneko.com\/?s={search_term_string}\"},\"query-input\":\"required name=search_term_string\"}],\"inLanguage\":\"sk-SK\"}]}<\/script>\n<!-- \/ Yoast SEO plugin. -->","yoast_head_json":{"title":"Machov\u00e1 stena V\u010cELIE PL\u00c1STY - GRNEko","description":"V\u010cELIE PL\u00c1STY vyu\u017e\u00edva hexagon\u00e1lne tvary pripom\u00ednaj\u00face v\u010del\u00ed pl\u00e1st. Kombin\u00e1cia machu a geometrie vytv\u00e1ra modern\u00fd dizajn.","robots":{"index":"index","follow":"follow","max-snippet":"max-snippet:-1","max-image-preview":"max-image-preview:large","max-video-preview":"max-video-preview:-1"},"canonical":"https:\/\/www.grneko.com\/?product=machova-stena-vcelie-plasty","og_locale":"sk_SK","og_type":"article","og_title":"Machov\u00e1 stena V\u010cELIE PL\u00c1STY - GRNEko","og_description":"V\u010cELIE PL\u00c1STY vyu\u017e\u00edva hexagon\u00e1lne tvary pripom\u00ednaj\u00face v\u010del\u00ed pl\u00e1st. Kombin\u00e1cia machu a geometrie vytv\u00e1ra modern\u00fd dizajn.","og_url":"https:\/\/www.grneko.com\/?product=machova-stena-vcelie-plasty","og_site_name":"GRNEko","article_modified_time":"2025-11-15T21:11:15+00:00","og_image":[{"width":901,"height":905,"url":"https:\/\/www.grneko.com\/wp-content\/uploads\/2023\/10\/FullSizeRender1.jpg","type":"image\/jpeg"}],"twitter_card":"summary_large_image","twitter_misc":{"Predpokladan\u00fd \u010das \u010d\u00edtania":"1 min\u00fata"},"schema":{"@context":"https:\/\/schema.org","@graph":[{"@type":"WebPage","@id":"https:\/\/www.grneko.com\/?product=machova-stena-vcelie-plasty","url":"https:\/\/www.grneko.com\/?product=machova-stena-vcelie-plasty","name":"Machov\u00e1 stena V\u010cELIE PL\u00c1STY - GRNEko","isPartOf":{"@id":"https:\/\/www.grneko.com\/#website"},"primaryImageOfPage":{"@id":"https:\/\/www.grneko.com\/?product=machova-stena-vcelie-plasty#primaryimage"},"image":{"@id":"https:\/\/www.grneko.com\/?product=machova-stena-vcelie-plasty#primaryimage"},"thumbnailUrl":"https:\/\/www.grneko.com\/wp-content\/uploads\/2023\/10\/FullSizeRender1.jpg","datePublished":"2023-10-08T21:32:56+00:00","dateModified":"2025-11-15T21:11:15+00:00","description":"V\u010cELIE PL\u00c1STY vyu\u017e\u00edva hexagon\u00e1lne tvary pripom\u00ednaj\u00face v\u010del\u00ed pl\u00e1st. Kombin\u00e1cia machu a geometrie vytv\u00e1ra modern\u00fd dizajn.","breadcrumb":{"@id":"https:\/\/www.grneko.com\/?product=machova-stena-vcelie-plasty#breadcrumb"},"inLanguage":"sk-SK","potentialAction":[{"@type":"ReadAction","target":["https:\/\/www.grneko.com\/?product=machova-stena-vcelie-plasty"]}]},{"@type":"ImageObject","inLanguage":"sk-SK","@id":"https:\/\/www.grneko.com\/?product=machova-stena-vcelie-plasty#primaryimage","url":"https:\/\/www.grneko.com\/wp-content\/uploads\/2023\/10\/FullSizeRender1.jpg","contentUrl":"https:\/\/www.grneko.com\/wp-content\/uploads\/2023\/10\/FullSizeRender1.jpg","width":901,"height":905,"caption":"recepcia dekorovanie"},{"@type":"BreadcrumbList","@id":"https:\/\/www.grneko.com\/?product=machova-stena-vcelie-plasty#breadcrumb","itemListElement":[{"@type":"ListItem","position":1,"name":"Domov","item":"https:\/\/www.grneko.com\/"},{"@type":"ListItem","position":2,"name":"Obchod","item":"https:\/\/www.grneko.com\/?page_id=20"},{"@type":"ListItem","position":3,"name":"Machov\u00e1 stena V\u010cELIE PL\u00c1STY"}]},{"@type":"WebSite","@id":"https:\/\/www.grneko.com\/#website","url":"https:\/\/www.grneko.com\/","name":"GRNEko","description":"Radi V\u00e1m pom\u00f4\u017eeme vyrie\u0161i\u0165 ot\u00e1zku bezstarostliveho ozele\u0148ovania V\u00e1\u0161ho interi\u00e9ru. Vyrob\u00edme na mieru presne pod\u013ea Va\u0161ich predst\u00e1v doplnky zo stabilizovan\u00e9ho machu, ktor\u00fdmi nielen o\u017eivite prostredie ale aj zabudnite \u017ee sa o nich treba nejak\u00fdm sp\u00f4sobom stara\u0165.","potentialAction":[{"@type":"SearchAction","target":{"@type":"EntryPoint","urlTemplate":"https:\/\/www.grneko.com\/?s={search_term_string}"},"query-input":"required name=search_term_string"}],"inLanguage":"sk-SK"}]}},"_links":{"self":[{"href":"https:\/\/www.grneko.com\/index.php?rest_route=\/wp\/v2\/product\/3088"}],"collection":[{"href":"https:\/\/www.grneko.com\/index.php?rest_route=\/wp\/v2\/product"}],"about":[{"href":"https:\/\/www.grneko.com\/index.php?rest_route=\/wp\/v2\/types\/product"}],"replies":[{"embeddable":true,"href":"https:\/\/www.grneko.com\/index.php?rest_route=%2Fwp%2Fv2%2Fcomments&post=3088"}],"wp:featuredmedia":[{"embeddable":true,"href":"https:\/\/www.grneko.com\/index.php?rest_route=\/wp\/v2\/media\/3089"}],"wp:attachment":[{"href":"https:\/\/www.grneko.com\/index.php?rest_route=%2Fwp%2Fv2%2Fmedia&parent=3088"}],"wp:term":[{"taxonomy":"product_cat","embeddable":true,"href":"https:\/\/www.grneko.com\/index.php?rest_route=%2Fwp%2Fv2%2Fproduct_cat&post=3088"},{"taxonomy":"product_tag","embeddable":true,"href":"https:\/\/www.grneko.com\/index.php?rest_route=%2Fwp%2Fv2%2Fproduct_tag&post=3088"}],"curies":[{"name":"wp","href":"https:\/\/api.w.org\/{rel}","templated":true}]}}