{"id":2716,"date":"2023-03-17T16:08:06","date_gmt":"2023-03-17T15:08:06","guid":{"rendered":"https:\/\/www.grneko.com\/?post_type=product&#038;p=2716"},"modified":"2025-11-11T00:22:41","modified_gmt":"2025-11-10T23:22:41","slug":"machovy-obraz-salka-kavy","status":"publish","type":"product","link":"https:\/\/www.grneko.com\/?product=machovy-obraz-salka-kavy","title":{"rendered":"Machov\u00fd obraz \u0160\u00c1LKA K\u00c1VY"},"content":{"rendered":"<p>Obraz \u0161\u00e1lka k\u00e1vy sp\u00e1ja ob\u013e\u00faben\u00fd k\u00e1vov\u00fd mot\u00edv so zelenou machovou text\u00farou. Tvar \u0161\u00e1lky je vyplnen\u00fd li\u0161ajn\u00edkom, zatia\u013e \u010do pozadie tvor\u00ed &#8222;betonov\u00fd&#8220; z\u00e1klad kontrastnej farbe. T\u00e1to dekor\u00e1cia je perfektn\u00e1 do kaviarn\u00ed, kuch\u00fd\u0148 alebo dom\u00e1cich k\u00fatikov pre k\u00e1vov\u00fdch nad\u0161encov. Obraz je bez\u00fadr\u017ebov\u00fd a jeho pr\u00edjemn\u00fd dizajn navodzuje pocit pohody.<\/p>\n<p>Rozmer: 60 cm x 80cm<\/p>\n","protected":false},"excerpt":{"rendered":"<p>Obraz \u0161\u00e1lka k\u00e1vy sp\u00e1ja ob\u013e\u00faben\u00fd k\u00e1vov\u00fd mot\u00edv so zelenou machovou text\u00farou. Tvar \u0161\u00e1lky je vyplnen\u00fd li\u0161ajn\u00edkom, zatia\u013e \u010do pozadie tvor\u00ed &#8222;betonov\u00fd&#8220; z\u00e1klad kontrastnej farbe. T\u00e1to dekor\u00e1cia je perfektn\u00e1 do kaviarn\u00ed, kuch\u00fd\u0148 alebo dom\u00e1cich k\u00fatikov pre k\u00e1vov\u00fdch nad\u0161encov. Obraz je bez\u00fadr\u017ebov\u00fd a jeho pr\u00edjemn\u00fd dizajn navodzuje pocit pohody. Rozmer: 60 cm x 80cm<\/p>\n","protected":false},"featured_media":2717,"comment_status":"open","ping_status":"closed","template":"","meta":{"_monsterinsights_skip_tracking":false,"_monsterinsights_sitenote_active":false,"_monsterinsights_sitenote_note":"","_monsterinsights_sitenote_category":0},"product_cat":[17],"product_tag":[],"yoast_head":"<!-- This site is optimized with the Yoast SEO plugin v23.0 - https:\/\/yoast.com\/wordpress\/plugins\/seo\/ -->\n<title>Machov\u00fd obraz \u0160\u00c1LKA K\u00c1VY - GRNEko<\/title>\n<meta name=\"description\" content=\"Obraz s mot\u00edvom \u0161\u00e1lky k\u00e1vy vytvoren\u00fd z machu. Ide\u00e1lny doplnok do kaviarne alebo kuchyne.\" \/>\n<meta name=\"robots\" content=\"index, follow, max-snippet:-1, max-image-preview:large, max-video-preview:-1\" \/>\n<link rel=\"canonical\" href=\"https:\/\/www.grneko.com\/?product=machovy-obraz-salka-kavy\" \/>\n<meta property=\"og:locale\" content=\"sk_SK\" \/>\n<meta property=\"og:type\" content=\"article\" \/>\n<meta property=\"og:title\" content=\"Machov\u00fd obraz \u0160\u00c1LKA K\u00c1VY - GRNEko\" \/>\n<meta property=\"og:description\" content=\"Obraz s mot\u00edvom \u0161\u00e1lky k\u00e1vy vytvoren\u00fd z machu. Ide\u00e1lny doplnok do kaviarne alebo kuchyne.\" \/>\n<meta property=\"og:url\" content=\"https:\/\/www.grneko.com\/?product=machovy-obraz-salka-kavy\" \/>\n<meta property=\"og:site_name\" content=\"GRNEko\" \/>\n<meta property=\"article:modified_time\" content=\"2025-11-10T23:22:41+00:00\" \/>\n<meta property=\"og:image\" content=\"https:\/\/www.grneko.com\/wp-content\/uploads\/2023\/03\/kvety-19143-scaled.jpg\" \/>\n\t<meta property=\"og:image:width\" content=\"1707\" \/>\n\t<meta property=\"og:image:height\" content=\"2560\" \/>\n\t<meta property=\"og:image:type\" content=\"image\/jpeg\" \/>\n<meta name=\"twitter:card\" content=\"summary_large_image\" \/>\n<meta name=\"twitter:label1\" content=\"Predpokladan\u00fd \u010das \u010d\u00edtania\" \/>\n\t<meta name=\"twitter:data1\" content=\"1 min\u00fata\" \/>\n<script type=\"application\/ld+json\" class=\"yoast-schema-graph\">{\"@context\":\"https:\/\/schema.org\",\"@graph\":[{\"@type\":\"WebPage\",\"@id\":\"https:\/\/www.grneko.com\/?product=machovy-obraz-salka-kavy\",\"url\":\"https:\/\/www.grneko.com\/?product=machovy-obraz-salka-kavy\",\"name\":\"Machov\u00fd obraz \u0160\u00c1LKA K\u00c1VY - GRNEko\",\"isPartOf\":{\"@id\":\"https:\/\/www.grneko.com\/#website\"},\"primaryImageOfPage\":{\"@id\":\"https:\/\/www.grneko.com\/?product=machovy-obraz-salka-kavy#primaryimage\"},\"image\":{\"@id\":\"https:\/\/www.grneko.com\/?product=machovy-obraz-salka-kavy#primaryimage\"},\"thumbnailUrl\":\"https:\/\/www.grneko.com\/wp-content\/uploads\/2023\/03\/kvety-19143-scaled.jpg\",\"datePublished\":\"2023-03-17T15:08:06+00:00\",\"dateModified\":\"2025-11-10T23:22:41+00:00\",\"description\":\"Obraz s mot\u00edvom \u0161\u00e1lky k\u00e1vy vytvoren\u00fd z machu. Ide\u00e1lny doplnok do kaviarne alebo kuchyne.\",\"breadcrumb\":{\"@id\":\"https:\/\/www.grneko.com\/?product=machovy-obraz-salka-kavy#breadcrumb\"},\"inLanguage\":\"sk-SK\",\"potentialAction\":[{\"@type\":\"ReadAction\",\"target\":[\"https:\/\/www.grneko.com\/?product=machovy-obraz-salka-kavy\"]}]},{\"@type\":\"ImageObject\",\"inLanguage\":\"sk-SK\",\"@id\":\"https:\/\/www.grneko.com\/?product=machovy-obraz-salka-kavy#primaryimage\",\"url\":\"https:\/\/www.grneko.com\/wp-content\/uploads\/2023\/03\/kvety-19143-scaled.jpg\",\"contentUrl\":\"https:\/\/www.grneko.com\/wp-content\/uploads\/2023\/03\/kvety-19143-scaled.jpg\",\"width\":1707,\"height\":2560,\"caption\":\"machov\u00e1 \u0161alka k\u00e1vy bet\u00f3nka\"},{\"@type\":\"BreadcrumbList\",\"@id\":\"https:\/\/www.grneko.com\/?product=machovy-obraz-salka-kavy#breadcrumb\",\"itemListElement\":[{\"@type\":\"ListItem\",\"position\":1,\"name\":\"Domov\",\"item\":\"https:\/\/www.grneko.com\/\"},{\"@type\":\"ListItem\",\"position\":2,\"name\":\"Obchod\",\"item\":\"https:\/\/www.grneko.com\/?page_id=20\"},{\"@type\":\"ListItem\",\"position\":3,\"name\":\"Machov\u00fd obraz \u0160\u00c1LKA K\u00c1VY\"}]},{\"@type\":\"WebSite\",\"@id\":\"https:\/\/www.grneko.com\/#website\",\"url\":\"https:\/\/www.grneko.com\/\",\"name\":\"GRNEko\",\"description\":\"Radi V\u00e1m pom\u00f4\u017eeme vyrie\u0161i\u0165 ot\u00e1zku bezstarostliveho ozele\u0148ovania V\u00e1\u0161ho interi\u00e9ru. Vyrob\u00edme na mieru presne pod\u013ea Va\u0161ich predst\u00e1v doplnky zo stabilizovan\u00e9ho machu, ktor\u00fdmi nielen o\u017eivite prostredie ale aj zabudnite \u017ee sa o nich treba nejak\u00fdm sp\u00f4sobom stara\u0165.\",\"potentialAction\":[{\"@type\":\"SearchAction\",\"target\":{\"@type\":\"EntryPoint\",\"urlTemplate\":\"https:\/\/www.grneko.com\/?s={search_term_string}\"},\"query-input\":\"required name=search_term_string\"}],\"inLanguage\":\"sk-SK\"}]}<\/script>\n<!-- \/ Yoast SEO plugin. -->","yoast_head_json":{"title":"Machov\u00fd obraz \u0160\u00c1LKA K\u00c1VY - GRNEko","description":"Obraz s mot\u00edvom \u0161\u00e1lky k\u00e1vy vytvoren\u00fd z machu. Ide\u00e1lny doplnok do kaviarne alebo kuchyne.","robots":{"index":"index","follow":"follow","max-snippet":"max-snippet:-1","max-image-preview":"max-image-preview:large","max-video-preview":"max-video-preview:-1"},"canonical":"https:\/\/www.grneko.com\/?product=machovy-obraz-salka-kavy","og_locale":"sk_SK","og_type":"article","og_title":"Machov\u00fd obraz \u0160\u00c1LKA K\u00c1VY - GRNEko","og_description":"Obraz s mot\u00edvom \u0161\u00e1lky k\u00e1vy vytvoren\u00fd z machu. Ide\u00e1lny doplnok do kaviarne alebo kuchyne.","og_url":"https:\/\/www.grneko.com\/?product=machovy-obraz-salka-kavy","og_site_name":"GRNEko","article_modified_time":"2025-11-10T23:22:41+00:00","og_image":[{"width":1707,"height":2560,"url":"https:\/\/www.grneko.com\/wp-content\/uploads\/2023\/03\/kvety-19143-scaled.jpg","type":"image\/jpeg"}],"twitter_card":"summary_large_image","twitter_misc":{"Predpokladan\u00fd \u010das \u010d\u00edtania":"1 min\u00fata"},"schema":{"@context":"https:\/\/schema.org","@graph":[{"@type":"WebPage","@id":"https:\/\/www.grneko.com\/?product=machovy-obraz-salka-kavy","url":"https:\/\/www.grneko.com\/?product=machovy-obraz-salka-kavy","name":"Machov\u00fd obraz \u0160\u00c1LKA K\u00c1VY - GRNEko","isPartOf":{"@id":"https:\/\/www.grneko.com\/#website"},"primaryImageOfPage":{"@id":"https:\/\/www.grneko.com\/?product=machovy-obraz-salka-kavy#primaryimage"},"image":{"@id":"https:\/\/www.grneko.com\/?product=machovy-obraz-salka-kavy#primaryimage"},"thumbnailUrl":"https:\/\/www.grneko.com\/wp-content\/uploads\/2023\/03\/kvety-19143-scaled.jpg","datePublished":"2023-03-17T15:08:06+00:00","dateModified":"2025-11-10T23:22:41+00:00","description":"Obraz s mot\u00edvom \u0161\u00e1lky k\u00e1vy vytvoren\u00fd z machu. Ide\u00e1lny doplnok do kaviarne alebo kuchyne.","breadcrumb":{"@id":"https:\/\/www.grneko.com\/?product=machovy-obraz-salka-kavy#breadcrumb"},"inLanguage":"sk-SK","potentialAction":[{"@type":"ReadAction","target":["https:\/\/www.grneko.com\/?product=machovy-obraz-salka-kavy"]}]},{"@type":"ImageObject","inLanguage":"sk-SK","@id":"https:\/\/www.grneko.com\/?product=machovy-obraz-salka-kavy#primaryimage","url":"https:\/\/www.grneko.com\/wp-content\/uploads\/2023\/03\/kvety-19143-scaled.jpg","contentUrl":"https:\/\/www.grneko.com\/wp-content\/uploads\/2023\/03\/kvety-19143-scaled.jpg","width":1707,"height":2560,"caption":"machov\u00e1 \u0161alka k\u00e1vy bet\u00f3nka"},{"@type":"BreadcrumbList","@id":"https:\/\/www.grneko.com\/?product=machovy-obraz-salka-kavy#breadcrumb","itemListElement":[{"@type":"ListItem","position":1,"name":"Domov","item":"https:\/\/www.grneko.com\/"},{"@type":"ListItem","position":2,"name":"Obchod","item":"https:\/\/www.grneko.com\/?page_id=20"},{"@type":"ListItem","position":3,"name":"Machov\u00fd obraz \u0160\u00c1LKA K\u00c1VY"}]},{"@type":"WebSite","@id":"https:\/\/www.grneko.com\/#website","url":"https:\/\/www.grneko.com\/","name":"GRNEko","description":"Radi V\u00e1m pom\u00f4\u017eeme vyrie\u0161i\u0165 ot\u00e1zku bezstarostliveho ozele\u0148ovania V\u00e1\u0161ho interi\u00e9ru. Vyrob\u00edme na mieru presne pod\u013ea Va\u0161ich predst\u00e1v doplnky zo stabilizovan\u00e9ho machu, ktor\u00fdmi nielen o\u017eivite prostredie ale aj zabudnite \u017ee sa o nich treba nejak\u00fdm sp\u00f4sobom stara\u0165.","potentialAction":[{"@type":"SearchAction","target":{"@type":"EntryPoint","urlTemplate":"https:\/\/www.grneko.com\/?s={search_term_string}"},"query-input":"required name=search_term_string"}],"inLanguage":"sk-SK"}]}},"_links":{"self":[{"href":"https:\/\/www.grneko.com\/index.php?rest_route=\/wp\/v2\/product\/2716"}],"collection":[{"href":"https:\/\/www.grneko.com\/index.php?rest_route=\/wp\/v2\/product"}],"about":[{"href":"https:\/\/www.grneko.com\/index.php?rest_route=\/wp\/v2\/types\/product"}],"replies":[{"embeddable":true,"href":"https:\/\/www.grneko.com\/index.php?rest_route=%2Fwp%2Fv2%2Fcomments&post=2716"}],"wp:featuredmedia":[{"embeddable":true,"href":"https:\/\/www.grneko.com\/index.php?rest_route=\/wp\/v2\/media\/2717"}],"wp:attachment":[{"href":"https:\/\/www.grneko.com\/index.php?rest_route=%2Fwp%2Fv2%2Fmedia&parent=2716"}],"wp:term":[{"taxonomy":"product_cat","embeddable":true,"href":"https:\/\/www.grneko.com\/index.php?rest_route=%2Fwp%2Fv2%2Fproduct_cat&post=2716"},{"taxonomy":"product_tag","embeddable":true,"href":"https:\/\/www.grneko.com\/index.php?rest_route=%2Fwp%2Fv2%2Fproduct_tag&post=2716"}],"curies":[{"name":"wp","href":"https:\/\/api.w.org\/{rel}","templated":true}]}}