{"id":2477,"date":"2023-03-01T19:26:02","date_gmt":"2023-03-01T18:26:02","guid":{"rendered":"https:\/\/www.grneko.com\/?post_type=product&#038;p=2477"},"modified":"2025-11-11T22:47:54","modified_gmt":"2025-11-11T21:47:54","slug":"machovy-obraz-trojobraz","status":"publish","type":"product","link":"https:\/\/www.grneko.com\/?product=machovy-obraz-trojobraz","title":{"rendered":"Machov\u00fd obraz &#8211; trojobraz LED"},"content":{"rendered":"<p>Trojobraz LED je triptych pozost\u00e1vaj\u00faci z troch prepojen\u00fdch obrazov. Ka\u017ed\u00fd panel obsahuje in\u00fa kombin\u00e1ciu machu \u010d\u00edm sa dosahuje zauj\u00edmav\u00fd prechod. LED podsvietenie za obrazom vytv\u00e1ra m\u00e4kk\u00e9 svetlo na stene. Tento triptych je ide\u00e1lny nad pohovku alebo do kancel\u00e1rie, kde sa stane dominantn\u00fdm vizu\u00e1lnym prvkom.<\/p>\n<p>Rozmer: 40 x 50 cm<\/p>\n","protected":false},"excerpt":{"rendered":"<p>Trojobraz LED je triptych pozost\u00e1vaj\u00faci z troch prepojen\u00fdch obrazov. Ka\u017ed\u00fd panel obsahuje in\u00fa kombin\u00e1ciu machu \u010d\u00edm sa dosahuje zauj\u00edmav\u00fd prechod. LED podsvietenie za obrazom vytv\u00e1ra m\u00e4kk\u00e9 svetlo na stene. Tento triptych je ide\u00e1lny nad pohovku alebo do kancel\u00e1rie, kde sa stane dominantn\u00fdm vizu\u00e1lnym prvkom. Rozmer: 40 x 50 cm<\/p>\n","protected":false},"featured_media":2524,"comment_status":"open","ping_status":"closed","template":"","meta":{"_monsterinsights_skip_tracking":false,"_monsterinsights_sitenote_active":false,"_monsterinsights_sitenote_note":"","_monsterinsights_sitenote_category":0},"product_cat":[17],"product_tag":[],"yoast_head":"<!-- This site is optimized with the Yoast SEO plugin v23.0 - https:\/\/yoast.com\/wordpress\/plugins\/seo\/ -->\n<title>Machov\u00fd obraz - trojobraz<\/title>\n<meta name=\"description\" content=\"Triptych z machu s LED podsvieten\u00edm. Tri prepojen\u00e9 obrazy vytv\u00e1raj\u00fa harmonick\u00fd celok pre modern\u00e9 interi\u00e9ry.\" \/>\n<meta name=\"robots\" content=\"index, follow, max-snippet:-1, max-image-preview:large, max-video-preview:-1\" \/>\n<link rel=\"canonical\" href=\"https:\/\/www.grneko.com\/?product=machovy-obraz-trojobraz\" \/>\n<meta property=\"og:locale\" content=\"sk_SK\" \/>\n<meta property=\"og:type\" content=\"article\" \/>\n<meta property=\"og:title\" content=\"Machov\u00fd obraz - trojobraz\" \/>\n<meta property=\"og:description\" content=\"Triptych z machu s LED podsvieten\u00edm. Tri prepojen\u00e9 obrazy vytv\u00e1raj\u00fa harmonick\u00fd celok pre modern\u00e9 interi\u00e9ry.\" \/>\n<meta property=\"og:url\" content=\"https:\/\/www.grneko.com\/?product=machovy-obraz-trojobraz\" \/>\n<meta property=\"og:site_name\" content=\"GRNEko\" \/>\n<meta property=\"article:modified_time\" content=\"2025-11-11T21:47:54+00:00\" \/>\n<meta property=\"og:image\" content=\"https:\/\/www.grneko.com\/wp-content\/uploads\/2023\/03\/machovy-obraz-trojobraz-namontujsi-sk-5.jpg\" \/>\n\t<meta property=\"og:image:width\" content=\"1200\" \/>\n\t<meta property=\"og:image:height\" content=\"1200\" \/>\n\t<meta property=\"og:image:type\" content=\"image\/jpeg\" \/>\n<meta name=\"twitter:card\" content=\"summary_large_image\" \/>\n<meta name=\"twitter:label1\" content=\"Predpokladan\u00fd \u010das \u010d\u00edtania\" \/>\n\t<meta name=\"twitter:data1\" content=\"1 min\u00fata\" \/>\n<script type=\"application\/ld+json\" class=\"yoast-schema-graph\">{\"@context\":\"https:\/\/schema.org\",\"@graph\":[{\"@type\":\"WebPage\",\"@id\":\"https:\/\/www.grneko.com\/?product=machovy-obraz-trojobraz\",\"url\":\"https:\/\/www.grneko.com\/?product=machovy-obraz-trojobraz\",\"name\":\"Machov\u00fd obraz - trojobraz\",\"isPartOf\":{\"@id\":\"https:\/\/www.grneko.com\/#website\"},\"primaryImageOfPage\":{\"@id\":\"https:\/\/www.grneko.com\/?product=machovy-obraz-trojobraz#primaryimage\"},\"image\":{\"@id\":\"https:\/\/www.grneko.com\/?product=machovy-obraz-trojobraz#primaryimage\"},\"thumbnailUrl\":\"https:\/\/www.grneko.com\/wp-content\/uploads\/2023\/03\/machovy-obraz-trojobraz-namontujsi-sk-5.jpg\",\"datePublished\":\"2023-03-01T18:26:02+00:00\",\"dateModified\":\"2025-11-11T21:47:54+00:00\",\"description\":\"Triptych z machu s LED podsvieten\u00edm. Tri prepojen\u00e9 obrazy vytv\u00e1raj\u00fa harmonick\u00fd celok pre modern\u00e9 interi\u00e9ry.\",\"breadcrumb\":{\"@id\":\"https:\/\/www.grneko.com\/?product=machovy-obraz-trojobraz#breadcrumb\"},\"inLanguage\":\"sk-SK\",\"potentialAction\":[{\"@type\":\"ReadAction\",\"target\":[\"https:\/\/www.grneko.com\/?product=machovy-obraz-trojobraz\"]}]},{\"@type\":\"ImageObject\",\"inLanguage\":\"sk-SK\",\"@id\":\"https:\/\/www.grneko.com\/?product=machovy-obraz-trojobraz#primaryimage\",\"url\":\"https:\/\/www.grneko.com\/wp-content\/uploads\/2023\/03\/machovy-obraz-trojobraz-namontujsi-sk-5.jpg\",\"contentUrl\":\"https:\/\/www.grneko.com\/wp-content\/uploads\/2023\/03\/machovy-obraz-trojobraz-namontujsi-sk-5.jpg\",\"width\":1200,\"height\":1200},{\"@type\":\"BreadcrumbList\",\"@id\":\"https:\/\/www.grneko.com\/?product=machovy-obraz-trojobraz#breadcrumb\",\"itemListElement\":[{\"@type\":\"ListItem\",\"position\":1,\"name\":\"Domov\",\"item\":\"https:\/\/www.grneko.com\/\"},{\"@type\":\"ListItem\",\"position\":2,\"name\":\"Obchod\",\"item\":\"https:\/\/www.grneko.com\/?page_id=20\"},{\"@type\":\"ListItem\",\"position\":3,\"name\":\"Machov\u00fd obraz &#8211; trojobraz LED\"}]},{\"@type\":\"WebSite\",\"@id\":\"https:\/\/www.grneko.com\/#website\",\"url\":\"https:\/\/www.grneko.com\/\",\"name\":\"GRNEko\",\"description\":\"Radi V\u00e1m pom\u00f4\u017eeme vyrie\u0161i\u0165 ot\u00e1zku bezstarostliveho ozele\u0148ovania V\u00e1\u0161ho interi\u00e9ru. Vyrob\u00edme na mieru presne pod\u013ea Va\u0161ich predst\u00e1v doplnky zo stabilizovan\u00e9ho machu, ktor\u00fdmi nielen o\u017eivite prostredie ale aj zabudnite \u017ee sa o nich treba nejak\u00fdm sp\u00f4sobom stara\u0165.\",\"potentialAction\":[{\"@type\":\"SearchAction\",\"target\":{\"@type\":\"EntryPoint\",\"urlTemplate\":\"https:\/\/www.grneko.com\/?s={search_term_string}\"},\"query-input\":\"required name=search_term_string\"}],\"inLanguage\":\"sk-SK\"}]}<\/script>\n<!-- \/ Yoast SEO plugin. -->","yoast_head_json":{"title":"Machov\u00fd obraz - trojobraz","description":"Triptych z machu s LED podsvieten\u00edm. Tri prepojen\u00e9 obrazy vytv\u00e1raj\u00fa harmonick\u00fd celok pre modern\u00e9 interi\u00e9ry.","robots":{"index":"index","follow":"follow","max-snippet":"max-snippet:-1","max-image-preview":"max-image-preview:large","max-video-preview":"max-video-preview:-1"},"canonical":"https:\/\/www.grneko.com\/?product=machovy-obraz-trojobraz","og_locale":"sk_SK","og_type":"article","og_title":"Machov\u00fd obraz - trojobraz","og_description":"Triptych z machu s LED podsvieten\u00edm. Tri prepojen\u00e9 obrazy vytv\u00e1raj\u00fa harmonick\u00fd celok pre modern\u00e9 interi\u00e9ry.","og_url":"https:\/\/www.grneko.com\/?product=machovy-obraz-trojobraz","og_site_name":"GRNEko","article_modified_time":"2025-11-11T21:47:54+00:00","og_image":[{"width":1200,"height":1200,"url":"https:\/\/www.grneko.com\/wp-content\/uploads\/2023\/03\/machovy-obraz-trojobraz-namontujsi-sk-5.jpg","type":"image\/jpeg"}],"twitter_card":"summary_large_image","twitter_misc":{"Predpokladan\u00fd \u010das \u010d\u00edtania":"1 min\u00fata"},"schema":{"@context":"https:\/\/schema.org","@graph":[{"@type":"WebPage","@id":"https:\/\/www.grneko.com\/?product=machovy-obraz-trojobraz","url":"https:\/\/www.grneko.com\/?product=machovy-obraz-trojobraz","name":"Machov\u00fd obraz - trojobraz","isPartOf":{"@id":"https:\/\/www.grneko.com\/#website"},"primaryImageOfPage":{"@id":"https:\/\/www.grneko.com\/?product=machovy-obraz-trojobraz#primaryimage"},"image":{"@id":"https:\/\/www.grneko.com\/?product=machovy-obraz-trojobraz#primaryimage"},"thumbnailUrl":"https:\/\/www.grneko.com\/wp-content\/uploads\/2023\/03\/machovy-obraz-trojobraz-namontujsi-sk-5.jpg","datePublished":"2023-03-01T18:26:02+00:00","dateModified":"2025-11-11T21:47:54+00:00","description":"Triptych z machu s LED podsvieten\u00edm. Tri prepojen\u00e9 obrazy vytv\u00e1raj\u00fa harmonick\u00fd celok pre modern\u00e9 interi\u00e9ry.","breadcrumb":{"@id":"https:\/\/www.grneko.com\/?product=machovy-obraz-trojobraz#breadcrumb"},"inLanguage":"sk-SK","potentialAction":[{"@type":"ReadAction","target":["https:\/\/www.grneko.com\/?product=machovy-obraz-trojobraz"]}]},{"@type":"ImageObject","inLanguage":"sk-SK","@id":"https:\/\/www.grneko.com\/?product=machovy-obraz-trojobraz#primaryimage","url":"https:\/\/www.grneko.com\/wp-content\/uploads\/2023\/03\/machovy-obraz-trojobraz-namontujsi-sk-5.jpg","contentUrl":"https:\/\/www.grneko.com\/wp-content\/uploads\/2023\/03\/machovy-obraz-trojobraz-namontujsi-sk-5.jpg","width":1200,"height":1200},{"@type":"BreadcrumbList","@id":"https:\/\/www.grneko.com\/?product=machovy-obraz-trojobraz#breadcrumb","itemListElement":[{"@type":"ListItem","position":1,"name":"Domov","item":"https:\/\/www.grneko.com\/"},{"@type":"ListItem","position":2,"name":"Obchod","item":"https:\/\/www.grneko.com\/?page_id=20"},{"@type":"ListItem","position":3,"name":"Machov\u00fd obraz &#8211; trojobraz LED"}]},{"@type":"WebSite","@id":"https:\/\/www.grneko.com\/#website","url":"https:\/\/www.grneko.com\/","name":"GRNEko","description":"Radi V\u00e1m pom\u00f4\u017eeme vyrie\u0161i\u0165 ot\u00e1zku bezstarostliveho ozele\u0148ovania V\u00e1\u0161ho interi\u00e9ru. Vyrob\u00edme na mieru presne pod\u013ea Va\u0161ich predst\u00e1v doplnky zo stabilizovan\u00e9ho machu, ktor\u00fdmi nielen o\u017eivite prostredie ale aj zabudnite \u017ee sa o nich treba nejak\u00fdm sp\u00f4sobom stara\u0165.","potentialAction":[{"@type":"SearchAction","target":{"@type":"EntryPoint","urlTemplate":"https:\/\/www.grneko.com\/?s={search_term_string}"},"query-input":"required name=search_term_string"}],"inLanguage":"sk-SK"}]}},"_links":{"self":[{"href":"https:\/\/www.grneko.com\/index.php?rest_route=\/wp\/v2\/product\/2477"}],"collection":[{"href":"https:\/\/www.grneko.com\/index.php?rest_route=\/wp\/v2\/product"}],"about":[{"href":"https:\/\/www.grneko.com\/index.php?rest_route=\/wp\/v2\/types\/product"}],"replies":[{"embeddable":true,"href":"https:\/\/www.grneko.com\/index.php?rest_route=%2Fwp%2Fv2%2Fcomments&post=2477"}],"wp:featuredmedia":[{"embeddable":true,"href":"https:\/\/www.grneko.com\/index.php?rest_route=\/wp\/v2\/media\/2524"}],"wp:attachment":[{"href":"https:\/\/www.grneko.com\/index.php?rest_route=%2Fwp%2Fv2%2Fmedia&parent=2477"}],"wp:term":[{"taxonomy":"product_cat","embeddable":true,"href":"https:\/\/www.grneko.com\/index.php?rest_route=%2Fwp%2Fv2%2Fproduct_cat&post=2477"},{"taxonomy":"product_tag","embeddable":true,"href":"https:\/\/www.grneko.com\/index.php?rest_route=%2Fwp%2Fv2%2Fproduct_tag&post=2477"}],"curies":[{"name":"wp","href":"https:\/\/api.w.org\/{rel}","templated":true}]}}